{"id":1790,"date":"2018-12-26T11:29:54","date_gmt":"2018-12-26T11:29:54","guid":{"rendered":"http:\/\/demo.wphash.com\/ftagem\/?page_id=1790"},"modified":"2019-04-23T08:48:48","modified_gmt":"2019-04-23T08:48:48","slug":"portfolio-three-column-full","status":"publish","type":"page","link":"http:\/\/mtfilmyapim.com\/?page_id=1790","title":{"rendered":"Portfolio"},"content":{"rendered":"\t\t<div data-elementor-type=\"wp-post\" data-elementor-id=\"1790\" class=\"elementor elementor-1790\" data-elementor-settings=\"[]\">\n\t\t\t\t\t\t<div class=\"elementor-inner\">\n\t\t\t\t\t\t\t<div class=\"elementor-section-wrap\">\n\t\t\t\t\t\t\t<section class=\"elementor-section elementor-top-section elementor-element elementor-element-0684741 elementor-section-full_width elementor-section-height-default elementor-section-height-default\" data-id=\"0684741\" data-element_type=\"section\">\n\t\t\t\t\t\t<div class=\"elementor-container elementor-column-gap-no\">\n\t\t\t\t\t\t\t<div class=\"elementor-row\">\n\t\t\t\t\t<div class=\"elementor-column elementor-col-100 elementor-top-column elementor-element elementor-element-f7f4636\" data-id=\"f7f4636\" data-element_type=\"column\">\n\t\t\t<div class=\"elementor-column-wrap elementor-element-populated\">\n\t\t\t\t\t\t\t<div class=\"elementor-widget-wrap\">\n\t\t\t\t\t\t<div class=\"elementor-element elementor-element-ea163e3 elementor-widget elementor-widget-ftagementor-portfolio-addons\" data-id=\"ea163e3\" data-element_type=\"widget\" data-widget_type=\"ftagementor-portfolio-addons.default\">\n\t\t\t\t<div class=\"elementor-widget-container\">\n\t\t\t            <div class=\"filter-area\">\n                                    <div class=\"ftagementor-filter-menu-list sidea163e3\">\n                                                    <button class=\"is-checked \" data-filter=\"*\">All<\/button>\n                                                                                                <button data-filter=\".kisa-film\">kisa film<\/button>\n                                                                        <button data-filter=\".music-video\">music video<\/button>\n                                                                        <button data-filter=\".produksiyon\">produksiyon<\/button>\n                                                                        <button data-filter=\".reklam\">reklam<\/button>\n                                                                        <button data-filter=\".tanitim-filmi\">tanitim filmi<\/button>\n                                                                        <button data-filter=\".video-cekim\">video cekim<\/button>\n                                            <\/div>\n                                <div class=\"ft_item-style\">\n                    <div class=\"all_item_wrapper grid-active sidea163e3\">\n                                                <div class=\"ftagementor-filter_item_box sidea163e3  ftagementor-grid-item kisa-film produksiyon tanitim-filmi video-cekim \">\n                              \n                            <div class=\"ftagementor-ft_item_image\">\n                                                                 <a class=\"icon_link various fancybox.iframe?\" href=\"https:\/\/www.youtube.com\/watch?v=VNTteQOFt3g&#038;t=38s\">\n                                    <i class=\"fa fa-video-camera\"><\/i>                                <\/a>\n                                <img width=\"700\" height=\"394\" src=\"http:\/\/mtfilmyapim.com\/wp-content\/uploads\/2020\/07\/almancesmesi.jpg\" class=\"attachment-post-thumbnail size-post-thumbnail wp-post-image\" alt=\"\" decoding=\"async\" loading=\"lazy\" srcset=\"http:\/\/mtfilmyapim.com\/wp-content\/uploads\/2020\/07\/almancesmesi.jpg 700w, http:\/\/mtfilmyapim.com\/wp-content\/uploads\/2020\/07\/almancesmesi-300x169.jpg 300w\" sizes=\"(max-width: 700px) 100vw, 700px\" \/>                                                                                                    <div class=\"ftagementor-cat-wrapper\">\n                                                                                <h5>\n                                        <a href=\"http:\/\/mtfilmyapim.com\/?ftagem_portfolio=alaman-cesmesi\">ALAMAN \u00c7E\u015eMES\u0130<\/a>\n                                        <\/h5>\n                                                                                                                    <h6>\n                                               K\u0131sa Film                                            <\/h6>\n                                                                                    <h6>\n                                               Prod\u00fcksiyon                                            <\/h6>\n                                                                                    <h6>\n                                               Tan\u0131t\u0131m Filmi                                            <\/h6>\n                                                                                    <h6>\n                                               Video \u00c7ekim                                            <\/h6>\n                                        \n                                    <\/div>\n                                                            <\/div>\n                                                    <\/div>\n                                                <div class=\"ftagementor-filter_item_box sidea163e3  ftagementor-grid-item music-video produksiyon video-cekim \">\n                              \n                            <div class=\"ftagementor-ft_item_image\">\n                                                                 <a class=\"icon_link various fancybox.iframe?\" href=\"https:\/\/www.youtube.com\/watch?v=8Zf0L8pb91w\">\n                                    <i class=\"fa fa-video-camera\"><\/i>                                <\/a>\n                                <img width=\"900\" height=\"506\" src=\"http:\/\/mtfilmyapim.com\/wp-content\/uploads\/2020\/07\/meryem900.jpg\" class=\"attachment-post-thumbnail size-post-thumbnail wp-post-image\" alt=\"\" decoding=\"async\" loading=\"lazy\" srcset=\"http:\/\/mtfilmyapim.com\/wp-content\/uploads\/2020\/07\/meryem900.jpg 900w, http:\/\/mtfilmyapim.com\/wp-content\/uploads\/2020\/07\/meryem900-300x169.jpg 300w, http:\/\/mtfilmyapim.com\/wp-content\/uploads\/2020\/07\/meryem900-768x432.jpg 768w\" sizes=\"(max-width: 900px) 100vw, 900px\" \/>                                                                                                    <div class=\"ftagementor-cat-wrapper\">\n                                                                                <h5>\n                                        <a href=\"http:\/\/mtfilmyapim.com\/?ftagem_portfolio=soyleyemedim-meryem\">S\u00d6YLEYEMED\u0130M \/ MERYEM<\/a>\n                                        <\/h5>\n                                                                                                                    <h6>\n                                               M\u00fczik Video Klip                                            <\/h6>\n                                                                                    <h6>\n                                               Prod\u00fcksiyon                                            <\/h6>\n                                                                                    <h6>\n                                               Video \u00c7ekim                                            <\/h6>\n                                        \n                                    <\/div>\n                                                            <\/div>\n                                                    <\/div>\n                                                <div class=\"ftagementor-filter_item_box sidea163e3  ftagementor-grid-item produksiyon reklam tanitim-filmi video-cekim \">\n                              \n                            <div class=\"ftagementor-ft_item_image\">\n                                                                 <a class=\"icon_link various fancybox.iframe?\" href=\"https:\/\/www.youtube.com\/watch?v=Ta9gDAVM7pQ\">\n                                    <i class=\"fa fa-video-camera\"><\/i>                                <\/a>\n                                <img width=\"700\" height=\"409\" src=\"http:\/\/mtfilmyapim.com\/wp-content\/uploads\/2020\/07\/yalova-terma-city.jpg\" class=\"attachment-post-thumbnail size-post-thumbnail wp-post-image\" alt=\"\" decoding=\"async\" loading=\"lazy\" srcset=\"http:\/\/mtfilmyapim.com\/wp-content\/uploads\/2020\/07\/yalova-terma-city.jpg 700w, http:\/\/mtfilmyapim.com\/wp-content\/uploads\/2020\/07\/yalova-terma-city-300x175.jpg 300w\" sizes=\"(max-width: 700px) 100vw, 700px\" \/>                                                                                                    <div class=\"ftagementor-cat-wrapper\">\n                                                                                <h5>\n                                        <a href=\"http:\/\/mtfilmyapim.com\/?ftagem_portfolio=terma-city\">TERMA CITY<\/a>\n                                        <\/h5>\n                                                                                                                    <h6>\n                                               Prod\u00fcksiyon                                            <\/h6>\n                                                                                    <h6>\n                                               Reklam                                            <\/h6>\n                                                                                    <h6>\n                                               Tan\u0131t\u0131m Filmi                                            <\/h6>\n                                                                                    <h6>\n                                               Video \u00c7ekim                                            <\/h6>\n                                        \n                                    <\/div>\n                                                            <\/div>\n                                                    <\/div>\n                                                <div class=\"ftagementor-filter_item_box sidea163e3  ftagementor-grid-item music-video produksiyon video-cekim \">\n                              \n                            <div class=\"ftagementor-ft_item_image\">\n                                \n                                <a class=\"icon_link\"  data-fancybox=\"ftagementor_pro_popup\"  href=\"http:\/\/mtfilmyapim.com\/wp-content\/uploads\/2019\/10\/meryem798.jpg\">\n                                    <i class=\"fa fa-image\"><\/i>                                <\/a>\n                                <img width=\"798\" height=\"449\" src=\"http:\/\/mtfilmyapim.com\/wp-content\/uploads\/2019\/10\/meryem798.jpg\" class=\"attachment-post-thumbnail size-post-thumbnail wp-post-image\" alt=\"\" decoding=\"async\" loading=\"lazy\" srcset=\"http:\/\/mtfilmyapim.com\/wp-content\/uploads\/2019\/10\/meryem798.jpg 798w, http:\/\/mtfilmyapim.com\/wp-content\/uploads\/2019\/10\/meryem798-300x169.jpg 300w, http:\/\/mtfilmyapim.com\/wp-content\/uploads\/2019\/10\/meryem798-768x432.jpg 768w\" sizes=\"(max-width: 798px) 100vw, 798px\" \/>                                                                                                    <div class=\"ftagementor-cat-wrapper\">\n                                                                                <h5>\n                                        <a href=\"http:\/\/mtfilmyapim.com\/?ftagem_portfolio=meryem-muhur-gozlum\">MERYEM \/ M\u00dcH\u00dcR G\u00d6ZL\u00dcM<\/a>\n                                        <\/h5>\n                                                                                                                    <h6>\n                                               M\u00fczik Video Klip                                            <\/h6>\n                                                                                    <h6>\n                                               Prod\u00fcksiyon                                            <\/h6>\n                                                                                    <h6>\n                                               Video \u00c7ekim                                            <\/h6>\n                                        \n                                    <\/div>\n                                                            <\/div>\n                                                    <\/div>\n                                                <div class=\"ftagementor-filter_item_box sidea163e3  ftagementor-grid-item music-video video-cekim \">\n                              \n                            <div class=\"ftagementor-ft_item_image\">\n                                                                 <a class=\"icon_link various fancybox.iframe?\" href=\"https:\/\/www.youtube.com\/watch?v=p7jRA5r3ExU\">\n                                    <i class=\"fa fa-video-camera\"><\/i>                                <\/a>\n                                <img width=\"632\" height=\"348\" src=\"http:\/\/mtfilmyapim.com\/wp-content\/uploads\/2019\/10\/Still0901_00000.jpg\" class=\"attachment-post-thumbnail size-post-thumbnail wp-post-image\" alt=\"\" decoding=\"async\" loading=\"lazy\" srcset=\"http:\/\/mtfilmyapim.com\/wp-content\/uploads\/2019\/10\/Still0901_00000.jpg 632w, http:\/\/mtfilmyapim.com\/wp-content\/uploads\/2019\/10\/Still0901_00000-300x165.jpg 300w\" sizes=\"(max-width: 632px) 100vw, 632px\" \/>                                                                                                    <div class=\"ftagementor-cat-wrapper\">\n                                                                                <h5>\n                                        <a href=\"http:\/\/mtfilmyapim.com\/?ftagem_portfolio=meryem-bilmeden-oldu\">MERYEM \/ B\u0130LMEDEN OLDU<\/a>\n                                        <\/h5>\n                                                                                                                    <h6>\n                                               M\u00fczik Video Klip                                            <\/h6>\n                                                                                    <h6>\n                                               Video \u00c7ekim                                            <\/h6>\n                                        \n                                    <\/div>\n                                                            <\/div>\n                                                    <\/div>\n                                                <div class=\"ftagementor-filter_item_box sidea163e3  ftagementor-grid-item music-video produksiyon \">\n                              \n                            <div class=\"ftagementor-ft_item_image\">\n                                                                 <a class=\"icon_link various fancybox.iframe?\" href=\"https:\/\/www.youtube.com\/watchttps:\/\/www.youtube.com\/watch?v=pzGb09AaLmYh?v=pzGb09AaLmY\">\n                                    <i class=\"fa fa-video-camera\"><\/i>                                <\/a>\n                                <img width=\"200\" height=\"300\" src=\"http:\/\/mtfilmyapim.com\/wp-content\/uploads\/2019\/04\/meryem2.jpg\" class=\"attachment-post-thumbnail size-post-thumbnail wp-post-image\" alt=\"\" decoding=\"async\" loading=\"lazy\" \/>                                                                                                    <div class=\"ftagementor-cat-wrapper\">\n                                                                                <h5>\n                                        <a href=\"http:\/\/mtfilmyapim.com\/?ftagem_portfolio=sen-gelmez-oldun-meryem\">SEN GELMEZ OLDUN \/ MERYEM<\/a>\n                                        <\/h5>\n                                                                                                                    <h6>\n                                               M\u00fczik Video Klip                                            <\/h6>\n                                                                                    <h6>\n                                               Prod\u00fcksiyon                                            <\/h6>\n                                        \n                                    <\/div>\n                                                            <\/div>\n                                                    <\/div>\n                                            <\/div>\n                <\/div>\n            <\/div>\n\n    <style>\n\n        .all_item_wrapper.sidea163e3{\n            margin: -0px;\n        }\n        .ftagementor-filter_item_box.sidea163e3{\n            padding:0px;\n        }       \n\n        .ftagementor-filter_item_box.sidea163e3{\n            width:33.333333333333%;\n        }         \n        @media only screen and (min-width: 768px) and (max-width: 991px) {\n            .ftagementor-filter_item_box.sidea163e3{\n                width:50%;\n            }\n        }\n        @media (max-width: 767px) {\n            .ftagementor-filter_item_box.sidea163e3{\n                width:100%;\n            }\n        }\n        @media (max-width: 575px) {\n            .ftagementor-filter_item_box.sidea163e3{\n                width: 100%;\n            }\n        }    \n    <\/style>\n\n        <script type=\"text\/javascript\">\n        \n            jQuery(document).ready(function($) {\n\n                \/\/ images have loaded\n                $('.filter-area.sidea163e3').imagesLoaded( function() {\n\n                  \/\/ Isotop Active\n                  $('.ftagementor-filter-menu-list.sidea163e3').on( 'click', 'button', function() {\n                    var filterValue = $(this).attr('data-filter');\n                    $grid.isotope({ filter: filterValue });\n                  });\n\n                  \/\/ Isotop Full Grid\n                  var $grid = $('.grid-active.sidea163e3').isotope({\n                    itemSelector: '.ftagementor-grid-item',\n                    percentPosition: true,\n                    masonry: {\n                    columnWidth: '.ftagementor-grid-item',\n                    }\n                  });\n                  \/\/ Isotop Menu Active\n                  $('.ftagementor-filter-menu-list.sidea163e3 button').on('click', function(event) {\n                        $(this).siblings('.is-checked').removeClass('is-checked');\n                        $(this).addClass('is-checked');\n                        event.preventDefault();\n                    });\n                  \/\/ Image Popup Fancy Active\n                  $(\".ftagementor_pro_popup\").fancybox();\n\n                    $(\".various\").fancybox({\n                        maxWidth    : 800,\n                        maxHeight   : 600,\n                        fitToView   : false,\n                        width       : '70%',\n                        height      : '70%',\n                        autoSize    : false,\n                        closeClick  : false,\n                        openEffect  : 'none',\n                        closeEffect : 'none'\n                    });\n                });\n                \n            });\n\n        <\/script>\n\n        \t\t<\/div>\n\t\t\t\t<\/div>\n\t\t\t\t\t\t<\/div>\n\t\t\t\t\t<\/div>\n\t\t<\/div>\n\t\t\t\t\t\t\t\t<\/div>\n\t\t\t\t\t<\/div>\n\t\t<\/section>\n\t\t\t\t\t\t<\/div>\n\t\t\t\t\t\t<\/div>\n\t\t\t\t\t<\/div>\n\t\t","protected":false},"excerpt":{"rendered":"","protected":false},"author":2,"featured_media":0,"parent":0,"menu_order":0,"comment_status":"closed","ping_status":"closed","template":"elementor_header_footer","meta":[],"_links":{"self":[{"href":"http:\/\/mtfilmyapim.com\/index.php?rest_route=\/wp\/v2\/pages\/1790"}],"collection":[{"href":"http:\/\/mtfilmyapim.com\/index.php?rest_route=\/wp\/v2\/pages"}],"about":[{"href":"http:\/\/mtfilmyapim.com\/index.php?rest_route=\/wp\/v2\/types\/page"}],"author":[{"embeddable":true,"href":"http:\/\/mtfilmyapim.com\/index.php?rest_route=\/wp\/v2\/users\/2"}],"replies":[{"embeddable":true,"href":"http:\/\/mtfilmyapim.com\/index.php?rest_route=%2Fwp%2Fv2%2Fcomments&post=1790"}],"version-history":[{"count":2,"href":"http:\/\/mtfilmyapim.com\/index.php?rest_route=\/wp\/v2\/pages\/1790\/revisions"}],"predecessor-version":[{"id":2112,"href":"http:\/\/mtfilmyapim.com\/index.php?rest_route=\/wp\/v2\/pages\/1790\/revisions\/2112"}],"wp:attachment":[{"href":"http:\/\/mtfilmyapim.com\/index.php?rest_route=%2Fwp%2Fv2%2Fmedia&parent=1790"}],"curies":[{"name":"wp","href":"https:\/\/api.w.org\/{rel}","templated":true}]}}